 (base 12) to base 8.
35051
Convert 480 (base 11) to base 14.
2cc
What is -259 (base 13) in base 9?
-507
2250 (base 10) to base 2
100011001010
1a10 (base 16) to base 15
1e9c
Convert 200 (base 6) to base 16.
48
What is 10336 (base 7) in base 14?
d1d
Convert 11111110111110 (base 2) to base 12.
953a
What is -31533 (base 6) in base 15?
-1420
Convert -2b0 (base 12) to base 14.
-220
What is 11d (base 14) in base 10?
223
15088 (base 9) to base 14
3a6a
What is -10321113 (base 4) in base 12?
-b733
What is 242343 (base 5) in base 14?
345c
What is 750 (base 10) in base 7?
2121
What is -51016 (base 7) in base 15?
-39e1
-71 (base 14) to base 2
-1100011
What is -23003311 (base 4) in base 12?
-22271
Convert cc (base 15) to base 13.
11a
Convert 213030 (base 4) to base 3.
10102220
Convert -9153 (base 15) to base 3.
-1120002020
103262 (base 7) to base 15
54d8
What is 25301 (base 9) in base 4?
10021303
Convert -75 (base 10) to base 15.
-50
-44104 (base 5) to base 7
-11555
What is 901b (base 13) in base 9?
30136
What is -52571 (base 9) in base 2?
-1000011110101100
13300 (base 6) to base 11
15a6
Convert 5367 (base 9) to base 4.
331231
What is -120121220 (base 3) in base 9?
-16556
Convert -10212 (base 5) to base 16.
-2aa
Convert -102 (base 15) to base 5.
-1402
100013302 (base 4) to base 14
1a0ca
What is -1011210112 (base 3) in base 14?
-863a
7389 (base 13) to base 7
64434
Convert -15480 (base 9) to base 10.
-10602
Convert 101 (base 12) to base 15.
9a
-1000010111010 (base 2) to base 11
-3243
Convert a74 (base 11) to base 15.
5b1
What is 20431 (base 6) in base 16?
ac3
What is -4425 (base 13) in base 16?
-2517
Convert -14311 (base 5) to base 14.
-622
6232 (base 10) to base 14
23b2
What is -2224 (base 5) in base 7?
-626
65325 (base 9) to base 7
240113
111011001010 (base 2) to base 6
25310
What is -22124 (base 5) in base 6?
-11043
Convert -1065 (base 11) to base 15.
-637
Convert -14785 (base 12) to base 14.
-a6a1
-40131 (base 5) to base 6
-15433
What is 1000101011100 (base 2) in base 7?
15646
Convert 1111101110111 (base 2) to base 14.
2d15
Convert 2936 (base 10) to base 11.
222a
409 (base 10) to base 8
631
What is 478c (base 15) in base 3?
202212020
Convert 44 (base 13) to base 5.
211
Convert -100211011 (base 3) to base 11.
-5419
Convert 3132234 (base 5) to base 14.
15042
Convert -26e (base 16) to base 11.
-516
What is -2685 (base 12) in base 10?
-4421
-b03 (base 13) to base 8
-3506
Convert 411201 (base 6) to base 7.
164206
11000001100 (base 2) to base 3
2010100
Convert 2341 (base 5) to base 4.
11122
-5668 (base 9) to base 11
-3172
-216 (base 8) to base 5
-1032
-2317 (base 14) to base 4
-1133101
What is 23341 (base 5) in base 16?
6b9
30d (base 14) to base 2
1001011001
What is 12222 (base 3) in base 11?
137
Convert 34105 (base 6) to base 7.
16655
Convert -3001022 (base 4) to base 2.
-11000001001010
-1070 (base 8) to base 6
-2344
Convert -1cc (base 13) to base 7.
-661
Convert 100110 (base 2) to base 6.
102
1437 (base 11) to base 10
1855
Convert 1011000000 (base 2) to base 13.
422
Convert -3995 (base 16) to base 14.
-552d
Convert -20010 (base 3) to base 16.
-a5
Convert 215b (base 13) to base 11.
3538
Convert 10011101011 (base 2) to base 6.
5455
-20422 (base 9) to base 6
-142202
What is 102113 (base 4) in base 8?
2227
15536 (base 7) to base 9
6015
3242 (base 5) to base 15
1ec
What is 3024141 (base 5) in base 11?
33627
Convert -440223 (base 6) to base 9.
-54806
What is -22b6 (base 16) in base 9?
-13163
65 (base 16) to base 11
92
1130021 (base 4) to base 5
142042
What is -15073 (base 10) in base 6?
-153441
Convert -1804 (base 16) to base 6.
-44244
Convert 48c (base 14) to base 5.
12113
Convert 6c7 (base 14) to base 8.
2507
530 (base 8) to base 15
17e
Convert -416a (base 13) to base 11.
-6883
Convert 159a (base 16) to base 11.
4178
-1123113 (base 4) to base 12
-3473
What is 1354131 (base 6) in base 11?
53159
Convert 45122 (base 6) to base 11.
4820
-13182 (base 9) to base 13
-408b
Convert -211111 (base 4) to base 5.
-34024
Convert 62503 (base 7) to base 6.
155004
What is 1011011101101 (base 2) in base 11?
4456
What is -22000 (base 3) in base 4?
-3120
Convert 60251 (base 9) to base 14.
105ca
What is -41 (base 13) in base 5?
-203
-7144 (base 9) to base 3
-21011111
What is 10100000 (base 3) in base 4?
211332
What is 20011222 (base 3) in base 8?
10634
Convert -1079 (base 11) to base 15.
-647
What is -308 (base 10) in base 13?
-1a9
Convert 10111011 (base 2) to base 15.
c7
449 (base 10) to base 15
1ee
Convert -3233 (base 4) to base 14.
-131
Convert -200030 (base 4) to base 13.
-c26
111021 (base 6) to base 7
36055
1718 (base 10) to base 3
2100122
51c (base 13) to base 9
1166
Convert 4544 (base 10) to base 3.
20020022
What is 21e (base 16) in base 8?
1036
What is -4013 (base 7) in base 14?
-70a
25812 (base 9) to base 2
100010000010010
Convert 100110110110 (base 2) to base 11.
1960
-51622 (base 7) to base 12
-73aa
Convert -4303 (base 6) to base 16.
-3cf
-3216 (base 8) to base 5
-23203
-2049 (base 11) to base 14
-dbd
-392 (base 11) to base 4
-13100
What is -208 (base 10) in base 4?
-3100
What is -6261 (base 7) in base 13?
-1002
What is 4130124 (base 5) in base 8?
203723
Convert 281 (base 16) to base 12.
455
Convert -39 (base 14) to base 15.
-36
224222 (base 6) to base 13
88ca
Convert -484a (base 16) to base 4.
-10201022
What is 267 (base 10) in base 11?
223
9cab (base 16) to base 13
15342
What is 4540 (base 6) in base 8?
2054
Convert 10011002 (base 3) to base 6.
14345
-3232 (base 5) to base 16
-1ba
23e1 (base 15) to base 14
2ad6
What is 400 (base 9) in base 5?
2244
What is b80 (base 14) in base 4?
203130
Convert 8129 (base 13) to base 9.
26345
What is -c13 (base 16) in base 8?
-6023
bb3 (base 16) to base 11
2283
Convert -cc1 (base 13) to base 6.
-14041
Convert -498 (base 10) to base 15.
-233
What is -4987 (base 14) in base 5?
-402414
Convert -146552 (base 7) to base 11.
-1a668
Convert 13034 (base 6) to base 16.
7ae
-101000000011 (base 2) to base 7
-10321
What is 10122 (base 5) in base 11?
552
Convert -6032 (base 10) to base 2.
-1011110010000
-22302 (base 13) to base 10
-62025
Convert -60315 (base 7) to base 5.
-431230
Convert 1100001101 (base 2) to base 7.
2164
Convert -5839 (base 10) to base 8.
-13317
21221111 (base 3) to base 7
22612
-1649 (base 14) to base 3
-12110121
Convert -224 (base 8) to base 5.
-1043
What is 1040 (base 5) in base 6?
401
What is -100000111 (base 2) in base 4?
-10013
What is -100011100 (base 2) in base 4?
-10130
What is 115 (base 6) in base 4?
233
Convert -28815 (base 9) to base 11.
-13813
113523 (base 6) to base 14
3883
552 (base 7) to base 8
432
What is -4ab (base 15) in base 9?
-1408
Convert 151226 (base 7) to base 8.
71131
-a0d (base 15) to base 6
-14251
What is -9c2 (base 13) in base 15?
-76e
What is -1442d (base 14) in base 2?
-1100010000101001
-101201010 (base 3) to base 16
-1e7e
2c7 (base 13) to base 2
111110101
Convert 20467 (base 10) to base 15.
60e7
Convert -102c3 (base 14) to base 10.
-38979
Convert 10212220 (base 3) to base 6.
21040
-640 (base 10) to base 14
-33a
23c (base 13) to base 9
472
What is -2dd0 (base 16) in base 2?
-10110111010000
Convert 306 (base 10) to base 8.
462
-3b (base 16) to base 12
-4b
-111251 (base 6) to base 15
-2bb1
What is -13989 (base 10) in base 5?
-421424
Convert -361 (base 15) to base 8.
-1376
43e (base 15) to base 6
4235
What is 20021003 (base 4) in base 11?
23066
24e (base 15) to base 7
1346
Convert 17499 (base 10) to base 11.
12169
Convert 2107 (base 8) to base 13.
663
What is 2b47 (base 12) in base 14?
1bdd
What is 35630 (base 8) in base 12?
89b4
-11001 (base 4) to base 10
-321
What is -414 (base 12) in base 13?
-367
Convert -1d9 (base 15) to base 12.
-2b9
Convert 24124 (base 5) to base 9.
2407
a7 (base 11) to base 9
140
-1953 (base 12) to base 7
-12000
What is -5222 (base 6) in base 13?
-6b9
What is -756 (base 9) in base 15?
-2b3
What is 3044 (base 7) in base 10?
1061
Convert 1011101101 (base 2) to base 14.
3b7
Convert 364 (base 16) to base 12.
604
What is 3720 (base 9) in base 5?
42042
Convert 131331 (base 7) to base 8.
57712
What is 11142 (base 7) in base 12?
1773
Convert 9280 (base 11) to base 12.
7159
Convert 4b6b (base 12) to base 6.
103415
842 (base 11) to base 15
479
Convert -3598 (base 12) to base 16.
-178